 20871 is divided by 20785?
86
What is the remainder when 2327822 is divided by 1556?
46
What is the remainder when 273985807 is divided by 10?
7
What is the remainder when 313648 is divided by 233?
30
Calculate the remainder when 71379089 is divided by 4590.
4589
What is the remainder when 25137 is divided by 1058?
803
What is the remainder when 3700087 is divided by 115?
77
Calculate the remainder when 1101816 is divided by 36.
0
What is the remainder when 94615 is divided by 93441?
1174
Calculate the remainder when 17509760 is divided by 2918282.
68
What is the remainder when 58272155 is divided by 26?
19
What is the remainder when 2139974 is divided by 2040?
14
What is the remainder when 167796 is divided by 167666?
130
What is the remainder when 519409 is divided by 6110?
59
Calculate the remainder when 2774971 is divided by 19.
2
What is the remainder when 3196719 is divided by 3196621?
98
What is the remainder when 34714087 is divided by 5785681?
1
What is the remainder when 4477626 is divided by 87?
84
What is the remainder when 7822146 is divided by 56273?
199
What is the remainder when 6581981 is divided by 1645487?
33
What is the remainder when 329114 is divided by 6820?
1754
Calculate the remainder when 424365 is divided by 30299.
179
What is the remainder when 285451 is divided by 421?
13
What is the remainder when 117282 is divided by 274?
10
Calculate the remainder when 71395946 is divided by 71395946.
0
Calculate the remainder when 882895 is divided by 127.
118
Calculate the remainder when 144479 is divided by 18055.
39
What is the remainder when 558509 is divided by 18613?
119
What is the remainder when 7028763 is divided by 363?
357
What is the remainder when 3048042 is divided by 4293?
12
What is the remainder when 1315113 is divided by 5434?
85
Calculate the remainder when 42608 is divided by 204.
176
What is the remainder when 6370008 is divided by 244999?
34
Calculate the remainder when 1356891 is divided by 3105.
6
What is the remainder when 112621490 is divided by 6568?
6562
What is the remainder when 2663067 is divided by 2663061?
6
Calculate the remainder when 475611 is divided by 118893.
39
What is the remainder when 4685276 is divided by 160?
156
What is the remainder when 111710175 is divided by 436?
435
What is the remainder when 149191702 is divided by 1076?
1074
What is the remainder when 37320 is divided by 11308?
3396
Calculate the remainder when 8201797 is divided by 431673.
10
Calculate the remainder when 8589017 is divided by 56.
17
What is the remainder when 10602095 is divided by 2650453?
283
What is the remainder when 215593 is divided by 3?
1
What is the remainder when 49427388 is divided by 123?
84
What is the remainder when 109793 is divided by 14618?
7467
Calculate the remainder when 702695 is divided by 351.
344
What is the remainder when 9215 is divided by 48?
47
What is the remainder when 526977 is divided by 25082?
255
Calculate the remainder when 1170983 is divided by 2250.
983
What is the remainder when 18239273 is divided by 506?
503
Calculate the remainder when 3544556 is divided by 1131.
2
What is the remainder when 7404844 is divided by 180605?
39
What is the remainder when 9956553 is divided by 7?
5
What is the remainder when 211806 is divided by 21141?
396
Calculate the remainder when 18313763 is divided by 84.
83
Calculate the remainder when 20710802 is divided by 275.
2
What is the remainder when 3100 is divided by 1028?
16
Calculate the remainder when 18461398 is divided by 150.
148
What is the remainder when 201572 is divided by 181?
119
What is the remainder when 289429 is divided by 24114?
61
Calculate the remainder when 400045 is divided by 1575.
1570
What is the remainder when 1900765 is divided by 1213?
1207
What is the remainder when 575506 is divided by 539?
393
Calculate the remainder when 684755 is divided by 2216.
11
What is the remainder when 8124 is divided by 752?
604
Calculate the remainder when 7017817 is divided by 6522.
145
Calculate the remainder when 1799621214 is divided by 58.
56
What is the remainder when 670 is divided by 22?
10
What is the remainder when 367326390 is divided by 147?
144
Calculate the remainder when 145136661 is divided by 72.
69
Calculate the remainder when 433382 is divided by 144332.
386
Calculate the remainder when 2406503 is divided by 21.
8
Calculate the remainder when 20575635 is divided by 27.
15
Calculate the remainder when 190178 is divided by 6353.
5941
Calculate the remainder when 437118 is divided by 1320.
198
Calculate the remainder when 76108247 is divided by 648.
647
Calculate the remainder when 541063 is divided by 33808.
135
Calculate the remainder when 23826073 is divided by 37.
34
Calculate the remainder when 159356 is divided by 1273.
231
Calculate the remainder when 404978 is divided by 1044.
950
What is the remainder when 3083351 is divided by 145?
71
What is the remainder when 166949 is divided by 2356?
2029
Calculate the remainder when 277833 is divided by 267.
153
Calculate the remainder when 2075181 is divided by 860.
1
What is the remainder when 3356 is divided by 342?
278
Calculate the remainder when 14125055 is divided by 2112.
2111
Calculate the remainder when 224475 is divided by 459.
24
Calculate the remainder when 12448242 is divided by 48.
18
Calculate the remainder when 16217830 is divided by 6428.
6414
Calculate the remainder when 99340775 is divided by 33113576.
47
Calculate the remainder when 133407 is divided by 243.
0
Calculate the remainder when 1295359 is divided by 143928.
7
Calculate the remainder when 2870735 is divided by 1018.
993
What is the remainder when 938744 is divided by 29322?
440
Calculate the remainder when 556903 is divided by 289.
0
Calculate the remainder when 3915354 is divided by 20.
14
Calculate the remainder when 14973740 is divided by 242.
232
Calculate the remainder when 85297449 is divided by 1777030.
9
What is the remainder when 8366123 is divided by 32553?
2
Calculate the remainder when 382467 is divided by 191176.
115
What is the remainder when 58522 is divided by 415?
7
What is the remainder when 119727990 is divided by 122?
118
Calculate the remainder when 4545999 is divided by 543.
3
What is the remainder when 54476465 is divided by 2867182?
7
Calculate the remainder when 16999597 is divided by 136.
5
What is the remainder when 83158304 is divided by 232?
224
What is the remainder when 1039030 is divided by 926?
58
Calculate the remainder when 561047 is divided by 7.
4
Calculate the remainder when 65401 is divided by 32691.
19
What is the remainder when 2236873421 is divided by 42?
41
Calculate the remainder when 77487276 is divided by 4304845.
66
Calculate the remainder when 22688842 is divided by 190.
182
What is the remainder when 28204937 is divided by 15944?
1
Calculate the remainder when 10287172 is divided by 65943.
64
What is the remainder when 193009 is divided by 471?
370
Calculate the remainder when 9267948 is divided by 81297.
90
Calculate the remainder when 608619 is divided by 3904.
3499
Calculate the remainder when 23436 is divided by 10214.
3008
Calculate the remainder when 513910 is divided by 46715.
45
Calculate the remainder when 581289 is divided by 36329.
25
What is the remainder when 73913973 is divided by 502?
497
What is the remainder when 43380 is divided by 2132?
740
Calculate the remainder when 11101635 is divided by 444065.
10
What is the remainder when 1016228 is divided by 18?
2
What is the remainder when 7412468 is divided by 82?
78
What is the remainder when 60376598 is divided by 1139181?
5
What is the remainder when 7476 is divided by 6815?
661
Calculate the remainder when 62728 is divided by 62706.
22
Calculate the remainder when 2992984 is divided by 2366.
2360
What is the remainder when 23576454 is divided by 164?
142
What is the remainder when 79929533 is divided by 1301?
1297
What is the remainder when 130834 is divided by 232?
218
What is the remainder when 1044526 is divided by 3913?
3668
What is the remainder when 31305 is divided by 10141?
882
Calculate the remainder when 9263012 is divided by 14295.
14147
What is the remainder when 155093 is divided by 3885?
3578
What is the remainder when 6317274 is divided by 492?
486
Calc